{"id":4532,"date":"2023-01-04T16:04:35","date_gmt":"2023-01-04T16:04:35","guid":{"rendered":"https:\/\/www.freiraum-diepraxis.de\/cms\/?page_id=4532"},"modified":"2023-01-05T09:48:15","modified_gmt":"2023-01-05T09:48:15","slug":"fels-und-wasser-qualitaeten","status":"publish","type":"page","link":"https:\/\/www.freiraum-diepraxis.de\/cms\/fels-und-wasser-qualitaeten\/","title":{"rendered":"Fels- und Wasser-Qualit\u00e4ten"},"content":{"rendered":"<section class=\"wpb-content-wrapper\"><p>[vc_row full_width=&#8220;stretch_row&#8220; parallax=&#8220;yes&#8220; el_class=&#8220;no-margin-top&#8220; css=&#8220;.vc_custom_1444739247548{padding-top: 250px !important;padding-bottom: 250px !important;background-image: url(http:\/\/freiraum-diepraxis.de\/cms\/wp-content\/uploads\/2015\/10\/workshops.jpg?id=4113) !important;}&#8220;][vc_column][vc_column_text]<\/p>\n<h1 style=\"text-align: center;\"><\/h1>\n<p>[\/vc_column_text][\/vc_column][\/vc_row][vc_row css=&#8220;.vc_custom_1437743055736{margin-bottom: 0px !important;padding-top: 20px !important;padding-bottom: 20px !important;}&#8220;][vc_column width=&#8220;1\/4&#8243;][vc_column_text]<\/p>\n<p style=\"font-weight: 400;\">Fels- und Wasser-Qualit\u00e4ten<\/p>\n<p>[\/vc_column_text][\/vc_column][vc_column width=&#8220;3\/4&#8243;][vc_column_text]<\/p>\n<p style=\"font-weight: 400;\">\u201eFels und Wasser\u201c ist ein Begriff aus dem Kontext des Fels- und Wasser-Trainings aus den Niederlanden. Es ist ein k\u00f6rperlich-seelisches Training zur Selbstbehauptung und basiert auf der Kraft des k\u00f6rperlichen Lernens.<\/p>\n<p style=\"font-weight: 400;\">Fels-Qualit\u00e4t bedeutet: ich stehe f\u00fcr mich selbst oder f\u00fcr jemand anderen und ich engagiere mich f\u00fcr alles, was mir am Herzen liegt.<\/p>\n<p style=\"font-weight: 400;\">Wasser-Qualit\u00e4t bedeutet: ich bin offen im Kontakt, ich bleibe mit anderen beweglich im Austausch, in der Kommunikation.<\/p>\n<p style=\"font-weight: 400;\">Das Training\u00a0beider Elemente ist wichtig, damit Menschen selbstbewusst in Kontakt kommen und Konflikte ohne Gewalt l\u00f6sen k\u00f6nnen. Fels- und Wasser \u2013 \u00dcbungen ermutigen, eigene Grenzen zu zeigen und bef\u00e4higen, die Grenzen Anderer wahrzunehmen und zu respektieren.\u00a0Selbstbehauptung und Zu-sich-selbst-Stehen sind in jedem Alter erlernbar.<\/p>\n<p style=\"font-weight: 400;\">Weitere Informationen finden Sie unter\u00a0<a href=\"http:\/\/www.8zaam.nl\/\">http:\/\/www.8zaam.nl<\/a>.<\/p>\n<p><a href=\"https:\/\/www.freiraum-diepraxis.de\/cms\/workshops\/\">Zur\u00fcck zu Workshops<\/a>[\/vc_column_text][\/vc_column][\/vc_row]<\/p>\n<\/section>","protected":false},"excerpt":{"rendered":"<p>[vc_row full_width=&#8220;stretch_row&#8220; parallax=&#8220;yes&#8220; el_class=&#8220;no-margin-top&#8220; css=&#8220;.vc_custom_1444739247548{padding-top: 250px !important;padding-bottom: 250px !important;background-image: url(http:\/\/freiraum-diepraxis.de\/cms\/wp-content\/uploads\/2015\/10\/workshops.jpg?id=4113) !important;}&#8220;][vc_column][vc_column_text] [\/vc_column_text][\/vc_column][\/vc_row][vc_row css=&#8220;.vc_custom_1437743055736{margin-bottom: 0px !important;padding-top: 20px !important;padding-bottom: 20px !important;}&#8220;][vc_column width=&#8220;1\/4&#8243;][vc_column_text] Fels- und Wasser-Qualit\u00e4ten [\/vc_column_text][\/vc_column][vc_column width=&#8220;3\/4&#8243;][vc_column_text] \u201eFels und Wasser\u201c ist ein Begriff aus dem Kontext des Fels- und Wasser-Trainings aus den Niederlanden. Es ist ein k\u00f6rperlich-seelisches Training zur Selbstbehauptung und basiert auf der Kraft des k\u00f6rperlichen [&hellip;]<\/p>\n","protected":false},"author":1,"featured_media":0,"parent":0,"menu_order":0,"comment_status":"closed","ping_status":"closed","template":"","meta":[],"_links":{"self":[{"href":"https:\/\/www.freiraum-diepraxis.de\/cms\/wp-json\/wp\/v2\/pages\/4532"}],"collection":[{"href":"https:\/\/www.freiraum-diepraxis.de\/cms\/wp-json\/wp\/v2\/pages"}],"about":[{"href":"https:\/\/www.freiraum-diepraxis.de\/cms\/wp-json\/wp\/v2\/types\/page"}],"author":[{"embeddable":true,"href":"https:\/\/www.freiraum-diepraxis.de\/cms\/wp-json\/wp\/v2\/users\/1"}],"replies":[{"embeddable":true,"href":"https:\/\/www.freiraum-diepraxis.de\/cms\/wp-json\/wp\/v2\/comments?post=4532"}],"version-history":[{"count":7,"href":"https:\/\/www.freiraum-diepraxis.de\/cms\/wp-json\/wp\/v2\/pages\/4532\/revisions"}],"predecessor-version":[{"id":4550,"href":"https:\/\/www.freiraum-diepraxis.de\/cms\/wp-json\/wp\/v2\/pages\/4532\/revisions\/4550"}],"wp:attachment":[{"href":"https:\/\/www.freiraum-diepraxis.de\/cms\/wp-json\/wp\/v2\/media?parent=4532"}],"curies":[{"name":"wp","href":"https:\/\/api.w.org\/{rel}","templated":true}]}}