{"id":4129,"date":"2015-10-13T12:45:02","date_gmt":"2015-10-13T12:45:02","guid":{"rendered":"http:\/\/freiraum-diepraxis.de\/cms\/?page_id=4129"},"modified":"2022-12-19T07:57:07","modified_gmt":"2022-12-19T07:57:07","slug":"online-beratung","status":"publish","type":"page","link":"https:\/\/www.freiraum-diepraxis.de\/cms\/online-beratung\/","title":{"rendered":"Online-Beratung"},"content":{"rendered":"<section class=\"wpb-content-wrapper\"><p>[vc_row full_width=&#8220;stretch_row&#8220; parallax=&#8220;yes&#8220; el_class=&#8220;no-margin-top&#8220; css=&#8220;.vc_custom_1445001986539{padding-top: 250px !important;padding-bottom: 250px !important;background-image: url(http:\/\/www.freiraum-diepraxis.de\/cms\/wp-content\/uploads\/2015\/10\/netzwerk-header.jpg?id=4309) !important;}&#8220;][vc_column][vc_column_text]<\/p>\n<h1 style=\"text-align: center;\"><\/h1>\n<p>[\/vc_column_text][\/vc_column][\/vc_row][vc_row css=&#8220;.vc_custom_1437743055736{margin-bottom: 0px !important;padding-top: 20px !important;padding-bottom: 20px !important;}&#8220;][vc_column width=&#8220;1\/4&#8243;][vc_column_text]<\/p>\n<h1>Online-Beratung<\/h1>\n<p>[\/vc_column_text][\/vc_column][vc_column width=&#8220;3\/4&#8243;][vc_column_text]<\/p>\n<p style=\"text-align: justify;\">Im Internet stellt die Online-Beratung lebenswichtige Verbindungen und hilfreiche Kontakte zur Verf\u00fcgung. Das hat die Erfahrung aus der Corona-Zeit besonders deutlich werden lassen. Im Schutz der medialen Distanz l\u00e4sst sich oft sogar leichter ein Thema ansprechen oder bearbeiten. Ein Beratungskontakt kann auch f2f beginnen und durch eine Online-Beratungsphase fortgesetzt werden, wenn gro\u00dfe Entfernungen ein Hindernis bilden. Im e-beratungsjournal finden Sie wissenschaftlich abgesicherte Studien zur Wirksamkeit der Beratung per Video und Mail. Ein per Video gef\u00fchrtes Gespr\u00e4ch bietet eine wichtige Kl\u00e4rungshilfe in aktuellen Prozessen, eine Beratung per Mail stellt f\u00fcr Menschen, die gerne schreiben, eine wirksame Unterst\u00fctzung ihrer seelischen Gesundheit und Widerstandskraft dar.<\/p>\n<p style=\"text-align: justify;\">Ich arbeite mit einer sicheren, datengesch\u00fctzten, verschl\u00fcsselten Online-Beratungs-Plattform<b>.<\/b>\u00a0Wenn Sie mir \u00fcber mein Kontaktformular eine Nachricht senden,\u00a0erhalten Sie von mir zeitnah eine Antwort mit einem Beratungsangebot und den Zugangsdaten f\u00fcr das Beratungsgespr\u00e4ch.<\/p>\n<p style=\"text-align: justify;\">Gute Erfahrungen habe ich mit Online-Supervision, Lebens- und Krisenberatung und Trauerbegleitung per Video oder Mail gemacht. Mischformen von Online-Beratung und direktem Gespr\u00e4ch geh\u00f6ren zu meinem erprobten Beratungskonzept. \u00a0Die Online-Beratung wird durch die <a href=\"http:\/\/www.dg-onlineberatung.de\">Deutschsprachige Gesellschaft f\u00fcr psychosoziale Onlineberatung<\/a>\u00a0 gef\u00f6rdert und qualifiziert. Dort bin ich als Online-Berater mit meiner Ausbildung als Supervisor und Berater anerkannt. Kosten spreche ich individuell ab.<\/p>\n<p>[\/vc_column_text][\/vc_column][\/vc_row][vc_row][vc_column][vc_column_text]<\/p>\n<p>[\/vc_column_text][\/vc_column][\/vc_row]<\/p>\n<\/section>","protected":false},"excerpt":{"rendered":"<p>[vc_row full_width=&#8220;stretch_row&#8220; parallax=&#8220;yes&#8220; el_class=&#8220;no-margin-top&#8220; css=&#8220;.vc_custom_1445001986539{padding-top: 250px !important;padding-bottom: 250px !important;background-image: url(http:\/\/www.freiraum-diepraxis.de\/cms\/wp-content\/uploads\/2015\/10\/netzwerk-header.jpg?id=4309) !important;}&#8220;][vc_column][vc_column_text] [\/vc_column_text][\/vc_column][\/vc_row][vc_row css=&#8220;.vc_custom_1437743055736{margin-bottom: 0px !important;padding-top: 20px !important;padding-bottom: 20px !important;}&#8220;][vc_column width=&#8220;1\/4&#8243;][vc_column_text] Online-Beratung [\/vc_column_text][\/vc_column][vc_column width=&#8220;3\/4&#8243;][vc_column_text] Im Internet stellt die Online-Beratung lebenswichtige Verbindungen und hilfreiche Kontakte zur Verf\u00fcgung. Das hat die Erfahrung aus der Corona-Zeit besonders deutlich werden lassen. Im Schutz der medialen Distanz l\u00e4sst sich oft sogar [&hellip;]<\/p>\n","protected":false},"author":1,"featured_media":0,"parent":0,"menu_order":0,"comment_status":"closed","ping_status":"closed","template":"","meta":[],"_links":{"self":[{"href":"https:\/\/www.freiraum-diepraxis.de\/cms\/wp-json\/wp\/v2\/pages\/4129"}],"collection":[{"href":"https:\/\/www.freiraum-diepraxis.de\/cms\/wp-json\/wp\/v2\/pages"}],"about":[{"href":"https:\/\/www.freiraum-diepraxis.de\/cms\/wp-json\/wp\/v2\/types\/page"}],"author":[{"embeddable":true,"href":"https:\/\/www.freiraum-diepraxis.de\/cms\/wp-json\/wp\/v2\/users\/1"}],"replies":[{"embeddable":true,"href":"https:\/\/www.freiraum-diepraxis.de\/cms\/wp-json\/wp\/v2\/comments?post=4129"}],"version-history":[{"count":20,"href":"https:\/\/www.freiraum-diepraxis.de\/cms\/wp-json\/wp\/v2\/pages\/4129\/revisions"}],"predecessor-version":[{"id":4512,"href":"https:\/\/www.freiraum-diepraxis.de\/cms\/wp-json\/wp\/v2\/pages\/4129\/revisions\/4512"}],"wp:attachment":[{"href":"https:\/\/www.freiraum-diepraxis.de\/cms\/wp-json\/wp\/v2\/media?parent=4129"}],"curies":[{"name":"wp","href":"https:\/\/api.w.org\/{rel}","templated":true}]}}